t common factor of 14 and s.
7
Suppose 13*j - 710 = 863. Let i(m) = m**3 - m**2 - m - 4. Let x be i(3). Calculate the highest common factor of j and x.
11
Let z(o) = o**3 - 2*o + 6. Let k be z(0). Let c = k - 4. Let m be 7/(5 - 4)*c. What is the greatest common factor of m and 14?
14
Let i be (4 - 6)*(-1 - 323). What is the greatest common factor of i and 24?
24
Let j be 76 - (-23 - -19 - (-6 + 1)). What is the greatest common divisor of 105 and j?
15
Let f(h) = 6*h + 73. Let u be f(-9). Calculate the highest common factor of 1539 and u.
19
Let m(b) = 2*b + 151. Let a be m(19). Calculate the highest common divisor of 21 and a.
21
Let p be 4/(-16) - (-82)/8. Suppose 3*q - p = -2*q. Let r be (-4 + q)/((-2)/24). Calculate the highest common divisor of r and 12.
12
Let a = -22 - -32. Let q be ((-440)/24)/(2/(-12)). Calculate the greatest common divisor of q and a.
10
Suppose 5*c + 1 - 11 = 0. Suppose -46 = c*s - 210. Suppose -l = 3, -3*o + 2*l + s = o. What is the highest common factor of 19 and o?
19
Let k = 1811 - 1486. Calculate the highest common divisor of k and 26.
13
Let v = 31 + -22. Let f be 3/(v/39)*-9. Let k = f + 165. Calculate the greatest common divisor of k and 12.
12
Let u = -17 + 12. Let i(l) = -l**3 - 5*l**2 - 2*l + 5. Let f be i(u). Calculate the greatest common factor of 15 and f.
15
Suppose -6 = 2*f - f. Let v be f/(-24) + (-7)/(-4). Suppose 2*u - s - 60 = 2, v*u + 4*s = 52. What is the greatest common factor of 10 and u?
10
Let u(b) = -40*b - 875. Let v be u(-41). What is the greatest common factor of 85 and v?
85
Let i(s) = 25*s**2 + 19*s + 58. Let x be i(7). Calculate the highest common divisor of 4 and x.
4
Suppose -29 = -2*f + 195. Let d(k) = 4*k - 32. Let j be d(12). Calculate the highest common factor of j and f.
16
Suppose 2*s + 2 = 4*k, -k - 5*s = -8 - 20. Let y be ((-10)/k)/(4/(-18)). Let v be 167 + (-4)/((-2)/(-1)). Calculate the greatest common factor of y and v.
15
Suppose 21*f - 781 = 374. What is the highest common divisor of 5 and f?
5
Let h be (6060/(-360))/(10/12 + -1). Calculate the greatest common divisor of 1414 and h.
101
Let g be 975/100 - 1/(-4). What is the highest common divisor of 14 and g?
2
Suppose 4*h - 4 = 3*k, -4*k + 7*k + 14 = -h. Let m(r) = -r**3 - 4*r**2 - 5*r. Let x be m(h). Calculate the greatest common factor of x and 2.
2
Suppose -5*i = -4*t + 35, -t + i = -3 - 5. Suppose 4*p - 7 - t = -4*k, 23 = p - 3*k. Calculate the highest common factor of 16 and p.
8
Let p = -30 + 52. Suppose -5*w = -a - 13, 3*w = 5 + 4. Calculate the greatest common factor of a and p.
2
Suppose -660 = -i - i. Suppose -3*w + i = -2*t, 0*t = -2*w - t + 220. Calculate the greatest common factor of w and 44.
22
Suppose -10*q + 8*q = -12. Suppose 0 = -q*w + 7*w - 13. Calculate the greatest common factor of 117 and w.
13
Suppose -12 = -5*l + 28. Let y be 8 + -11 + -5 - (-37 + 5). Calculate the highest common divisor of l and y.
8
Let g be 2*(17/2 + -2). Suppose 2*n - 15 = d - 4, 0 = 2*d + 2. Suppose 0 = -n*o + 31 + 229. Calculate the highest common divisor of o and g.
13
Let d be (76/(-8))/(3/(-6)). What is the highest common factor of 209 and d?
19
Let w(a) = 95*a - 2195. Let d be w(25). Let o be 1 + 0 + 0 + 35. Calculate the highest common divisor of o and d.
36
Suppose -23*j + 2*j = -4620. What is the highest common divisor of j and 88?
44
Let h(u) = u**3 + 9*u**2 - 4*u - 24. Let m be h(-6). Calculate the greatest common factor of m and 96.
12
Suppose 6*k - 2*k - 54 = 2*i, -5*i - 55 = -5*k. What is the highest common divisor of 100 and k?
4
Suppose -3*u = 2*a - 262, u - 286 = -2*u + 4*a. Let g = u - 58. What is the greatest common factor of g and 16?
16
Suppose 5859 = -12*l + 52035. What is the greatest common factor of l and 104?
104
Suppose 8*u + 3 = 11. Let t = 6 + -7. Let z be (-2 - t) + 7 + -3. What is the highest common factor of z and u?
1
Suppose 2*z = -5*n + 46, -37 = -5*n - 2*z + 3*z. Let o(g) = -6 + g + 7 + 8 + 1. Let b be o(-2). What is the greatest common divisor of n and b?
8
Suppose f + 47 = -c - 15, 0 = -f + 3*c - 70. Let j = -35 - -11. Let r be (30/8)/(j/f). What is the greatest common factor of r and 110?
10
Let t = 69 + -76. Let b(o) = 2*o**2 + 6*o - 26. Let c be b(t). What is the highest common divisor of 45 and c?
15
Let b = 256 + -247. What is the highest common factor of b and 45?
9
Suppose 15*w - 10*w - 5 = 0, 5*w = h - 2. Calculate the highest common factor of h and 161.
7
Let r(c) = -c**3 + 14*c**2 - 14*c + 54. Let d be r(12). What is the highest common factor of 580 and d?
58
Let y(f) = -240*f - 9. Let k be y(3). Let i be 12/(-16) - k/12. What is the greatest common divisor of 12 and i?
12
Let a = -19 + 24. Suppose a*s = 636 + 514. Calculate the highest common factor of s and 10.
10
Let v(d) = d**3 + 6*d**2 - 3*d - 5. Let w be v(-6). Let k(j) = -2*j + 17. Let y be k(w). Let t = 19 - y. What is the highest common factor of t and 70?
14
Suppose 0 = -158*g + 153*g + 7285. What is the greatest common factor of 31 and g?
31
Let d = 35 - -37. Let z be 4 + (-1 - 0) + 362. Suppose -311 - 52 = -2*b - 3*u, -2*b - 5*u + z = 0. Calculate the greatest common factor of d and b.
36
Let r be ((-200)/6)/(4/24). Let g be (r/(-12))/(2/6). Suppose -4*t + 182 - g = 0. What is the highest common factor of t and 22?
11
Let l = 65 + 119. What is the greatest common factor of 23 and l?
23
Suppose 0 = -7*s + 227 + 95. Calculate the greatest common divisor of s and 575.
23
Suppose 4*r + 2*z - 48 = 0, 4*r = 5*z + 6 + 56. Let l = r - -2. Let f = l - -7. What is the highest common factor of f and 242?
22
Let o = 3219 + -1682. Calculate the highest common factor of 53 and o.
53
Let v(n) = -58*n - 48. Let h be v(-3). What is the highest common divisor of 168 and h?
42
Let b be (-766)/(-3) + 4 + (-104)/24. Calculate the greatest common divisor of b and 17.
17
Let t = -36 - -52. Let q(k) = k**2 + 5*k - 32. Let d be q(-16). Calculate the greatest common factor of d and t.
16
Let j(y) = -4*y**2 + 1 + 4*y + 2 + 5*y**2 - 3*y. Let t be j(5). Let n be (-2)/(3*(-10)/45). Calculate the highest common factor of n and t.
3
Let c = -163 + 273. Let f = -76 + 81. Suppose f*h + 108 = y + y, 224 = 5*y - h. What is the greatest common factor of c and y?
22
Let q(n) = 6*n. Suppose 4 - 7 = -3*i. Let j be q(i). Calculate the greatest common divisor of j and 24.
6
Let z = 1190 + -1173. Let g(q) = 3*q**2 - 2*q - 1. Let c be g(-6). Calculate the greatest common divisor of c and z.
17
Let d = -3 - -7. Let u = -11 + 20. Suppose 4*h - 135 - u = 0. Calculate the highest common factor of d and h.
4
Let y be (4/10)/(24/60). Let u be 974/14 - (y - 70/49). What is the highest common factor of 14 and u?
14
Suppose 4*b - z - 120 = 0, b + 4*z - z - 30 = 0. Let k = -6 - b. Let l be (30/(-8))/(3/k). What is the greatest common factor of 5 and l?
5
Let z(b) = -b + 1. Let a be z(-1). Suppose x + 13 = -a*i + 3, -18 = 4*i + 3*x. Let k be 14 + 4 + i/3. Calculate the highest common divisor of k and 32.
16
Suppose 0 = -2*x - 0*s + 5*s + 59, 0 = 2*s + 6. Suppose -b + 48 = -5*b. Let c be b/(-16)*-1*-88. What is the greatest common factor of c and x?
22
Suppose 5*c + 70 = 5*d, -3*d + 0*c + 42 = -4*c. Calculate the highest common divisor of 126 and d.
14
Let i be 4/(-10) + (-67)/(-5). Let u be ((-209)/(-38))/(-2 - 53/(-26)). Calculate the highest common factor of i and u.
13
Suppose -7 = -5*t + 48. Let k be (1/(-3))/(t/(-165)). What is the highest common factor of 5 and k?
5
Suppose 2*k + 3*v = 33, -2*k - 4*v = -3*v - 23. Let y be 2184/k + 0 + (-4)/6. Calculate the greatest common divisor of y and 22.
22
Let n = 358 - 248. Suppose -6*f - 8*f = -616. Calculate the highest common divisor of n and f.
22
Let p be (-9)/6*(-8)/6. Let s = 28 + p. Calculate the greatest common divisor of s and 210.
30
Let b(l) = 2 + 6*l - 9 + 0. Let o be b(4). What is the greatest common factor of 34 and o?
17
Let q be (6 - 251)*-1*12/10. What is the greatest common factor of q and 6?
6
Let v = 2558 - 1304. Calculate the greatest common divisor of v and 38.
38
Let t be ((-50)/(-30))/(5/6). Let a be 78/t + -7 + 3. What is the greatest common divisor of 14 and a?
7
Suppose 0 = -2*s + 3*r + 143, s + r - 65 = -4*r. Suppose c - 150 = s. What is the greatest common divisor of 44 and c?
44
Let m(c